{"id":24,"date":"2020-04-09T01:01:00","date_gmt":"2020-04-09T01:01:00","guid":{"rendered":"https:\/\/www.parafiabierzwienna.pl\/?page_id=24"},"modified":"2026-08-31T15:32:32","modified_gmt":"2026-08-31T15:32:32","slug":"strona-glowna","status":"publish","type":"page","link":"https:\/\/www.parafiabierzwienna.pl\/","title":{"rendered":"Aktualno\u015bci"},"content":{"rendered":"\n<p><strong>W czwartek 10 wrze\u015bnia 2026 roku nasz\u0105 parafi\u0119 odwiedzi Ks. Biskup Krzysztof W\u0119tkowski Ordynariusz Diecezji W\u0142oc\u0142awskiej w ramach wizytacji kanonicznej i udzieli naszej m\u0142odzie\u017cy sakramentu bierzmowania.<\/strong><\/p>\n\n\n\n<figure class=\"wp-block-image size-full\"><img loading=\"lazy\" decoding=\"async\" width=\"320\" height=\"352\" src=\"https:\/\/www.parafiabierzwienna.pl\/wp-content\/uploads\/2026\/08\/Bp-Wetkowski.jpg\" alt=\"\" class=\"wp-image-1994\" srcset=\"https:\/\/www.parafiabierzwienna.pl\/wp-content\/uploads\/2026\/08\/Bp-Wetkowski.jpg 320w, https:\/\/www.parafiabierzwienna.pl\/wp-content\/uploads\/2026\/08\/Bp-Wetkowski-273x300.jpg 273w\" sizes=\"(max-width: 320px) 100vw, 320px\" \/><\/figure>\n\n\n\n<figure class=\"wp-block-gallery has-nested-images columns-default is-cropped wp-block-gallery-1 is-layout-flex wp-block-gallery-is-layout-flex\"><\/figure>\n","protected":false},"excerpt":{"rendered":"<p>W czwartek 10 wrze\u015bnia 2026 roku nasz\u0105 parafi\u0119 odwiedzi Ks. Biskup Krzysztof W\u0119tkowski Ordynariusz Diecezji W\u0142oc\u0142awskiej w ramach wizytacji kanonicznej i udzieli naszej m\u0142odzie\u017cy sakramentu bierzmowania.<\/p>\n","protected":false},"author":1,"featured_media":0,"parent":0,"menu_order":0,"comment_status":"closed","ping_status":"closed","template":"","meta":{"ngg_post_thumbnail":0,"footnotes":""},"class_list":["entry","page","publish","author-admin","post-24"],"_links":{"self":[{"href":"https:\/\/www.parafiabierzwienna.pl\/index.php?rest_route=\/wp\/v2\/pages\/24"}],"collection":[{"href":"https:\/\/www.parafiabierzwienna.pl\/index.php?rest_route=\/wp\/v2\/pages"}],"about":[{"href":"https:\/\/www.parafiabierzwienna.pl\/index.php?rest_route=\/wp\/v2\/types\/page"}],"author":[{"embeddable":true,"href":"https:\/\/www.parafiabierzwienna.pl\/index.php?rest_route=\/wp\/v2\/users\/1"}],"replies":[{"embeddable":true,"href":"https:\/\/www.parafiabierzwienna.pl\/index.php?rest_route=%2Fwp%2Fv2%2Fcomments&post=24"}],"version-history":[{"count":139,"href":"https:\/\/www.parafiabierzwienna.pl\/index.php?rest_route=\/wp\/v2\/pages\/24\/revisions"}],"predecessor-version":[{"id":1996,"href":"https:\/\/www.parafiabierzwienna.pl\/index.php?rest_route=\/wp\/v2\/pages\/24\/revisions\/1996"}],"wp:attachment":[{"href":"https:\/\/www.parafiabierzwienna.pl\/index.php?rest_route=%2Fwp%2Fv2%2Fmedia&parent=24"}],"curies":[{"name":"wp","href":"https:\/\/api.w.org\/{rel}","templated":true}]}}

Aktualności

<p><strong>W czwartek 10 września 2026 roku naszą parafię odwiedzi Ks. Biskup Krzysztof Wętkowski Ordynariusz Diecezji Włocławskiej w ramach wizytacji kanonicznej i udzieli naszej młodzieży sakramentu bierzmowania.</strong></p>



<figure class="wp-block-image size-full"><img loading="lazy" decoding="async" width="320" height="352" src="https://www.parafiabierzwienna.pl/wp-content/uploads/2026/08/Bp-Wetkowski.jpg" alt="" class="wp-image-1994" srcset="https://www.parafiabierzwienna.pl/wp-content/uploads/2026/08/Bp-Wetkowski.jpg 320w, https://www.parafiabierzwienna.pl/wp-content/uploads/2026/08/Bp-Wetkowski-273x300.jpg 273w" sizes="(max-width: 320px) 100vw, 320px" /></figure>



<figure class="wp-block-gallery has-nested-images columns-default is-cropped wp-block-gallery-1 is-layout-flex wp-block-gallery-is-layout-flex"></figure>

<p>W czwartek 10 września 2026 roku naszą parafię odwiedzi Ks. Biskup Krzysztof Wętkowski Ordynariusz Diecezji Włocławskiej w ramach wizytacji kanonicznej i udzieli naszej młodzieży sakramentu bierzmowania.</p>
